{"id":51,"date":"2016-07-11T13:14:00","date_gmt":"2016-07-11T11:14:00","guid":{"rendered":"http:\/\/allende-carpinteria.com\/?page_id=51"},"modified":"2020-12-14T20:29:49","modified_gmt":"2020-12-14T18:29:49","slug":"trabajos","status":"publish","type":"page","link":"https:\/\/allende-carpinteria.com\/index.php\/trabajos\/","title":{"rendered":"Trabajos"},"content":{"rendered":"\n<div id='gallery-2' class='gallery galleryid-51 gallery-columns-3 gallery-size-thumbnail'><figure class='gallery-item'>\n\t\t\t<div class='gallery-icon portrait'>\n\t\t\t\t<a href=\"http:\/\/allende-carpinteria.com\/index.php\/puertas\/\" class=\"no-lightbox\"><img width=\"150\" height=\"150\" src=\"https:\/\/allende-carpinteria.com\/wp-content\/uploads\/2016\/07\/puerta-madera-blanca-pomo-150x150.jpg\" class=\"attachment-thumbnail size-thumbnail\" alt=\"puertas\" loading=\"lazy\" aria-describedby=\"gallery-2-225\" srcset=\"https:\/\/allende-carpinteria.com\/wp-content\/uploads\/2016\/07\/puerta-madera-blanca-pomo-150x150.jpg 150w, https:\/\/allende-carpinteria.com\/wp-content\/uploads\/2016\/07\/puerta-madera-blanca-pomo-250x250.jpg 250w, https:\/\/allende-carpinteria.com\/wp-content\/uploads\/2016\/07\/puerta-madera-blanca-pomo-174x174.jpg 174w\" sizes=\"(max-width: 150px) 100vw, 150px\" \/><\/a>\n\t\t\t<\/div>\n\t\t\t\t<figcaption class='wp-caption-text gallery-caption' id='gallery-2-225'>\n\t\t\t\tPUERTAS\n\t\t\t\t<\/figcaption><\/figure><figure class='gallery-item'>\n\t\t\t<div class='gallery-icon landscape'>\n\t\t\t\t<a href=\"http:\/\/allende-carpinteria.com\/index.php\/muebles-y-armarios\/\" class=\"no-lightbox\"><img width=\"150\" height=\"150\" src=\"https:\/\/allende-carpinteria.com\/wp-content\/uploads\/2016\/07\/puerta-madera-armario-150x150.jpg\" class=\"attachment-thumbnail size-thumbnail\" alt=\"puerta-madera-armario\" loading=\"lazy\" aria-describedby=\"gallery-2-224\" srcset=\"https:\/\/allende-carpinteria.com\/wp-content\/uploads\/2016\/07\/puerta-madera-armario-150x150.jpg 150w, https:\/\/allende-carpinteria.com\/wp-content\/uploads\/2016\/07\/puerta-madera-armario-250x250.jpg 250w, https:\/\/allende-carpinteria.com\/wp-content\/uploads\/2016\/07\/puerta-madera-armario-174x174.jpg 174w\" sizes=\"(max-width: 150px) 100vw, 150px\" \/><\/a>\n\t\t\t<\/div>\n\t\t\t\t<figcaption class='wp-caption-text gallery-caption' id='gallery-2-224'>\n\t\t\t\tMUEBLES Y ARMARIOS\n\t\t\t\t<\/figcaption><\/figure><figure class='gallery-item'>\n\t\t\t<div class='gallery-icon landscape'>\n\t\t\t\t<a href=\"http:\/\/allende-carpinteria.com\/index.php\/bancos\/\" class=\"no-lightbox\"><img width=\"150\" height=\"150\" src=\"https:\/\/allende-carpinteria.com\/wp-content\/uploads\/2016\/07\/bench-1031353_640-150x150.jpg\" class=\"attachment-thumbnail size-thumbnail\" alt=\"banco-madera\" loading=\"lazy\" aria-describedby=\"gallery-2-191\" srcset=\"https:\/\/allende-carpinteria.com\/wp-content\/uploads\/2016\/07\/bench-1031353_640-150x150.jpg 150w, https:\/\/allende-carpinteria.com\/wp-content\/uploads\/2016\/07\/bench-1031353_640-250x250.jpg 250w, https:\/\/allende-carpinteria.com\/wp-content\/uploads\/2016\/07\/bench-1031353_640-174x174.jpg 174w\" sizes=\"(max-width: 150px) 100vw, 150px\" \/><\/a>\n\t\t\t<\/div>\n\t\t\t\t<figcaption class='wp-caption-text gallery-caption' id='gallery-2-191'>\n\t\t\t\tBANCOS\n\t\t\t\t<\/figcaption><\/figure><figure class='gallery-item'>\n\t\t\t<div class='gallery-icon portrait'>\n\t\t\t\t<a href=\"http:\/\/allende-carpinteria.com\/index.php\/escaleras\/\" class=\"no-lightbox\"><img width=\"150\" height=\"150\" src=\"https:\/\/allende-carpinteria.com\/wp-content\/uploads\/2016\/07\/escaleras-madera-150x150.jpg\" class=\"attachment-thumbnail size-thumbnail\" alt=\"\" loading=\"lazy\" aria-describedby=\"gallery-2-249\" srcset=\"https:\/\/allende-carpinteria.com\/wp-content\/uploads\/2016\/07\/escaleras-madera-150x150.jpg 150w, https:\/\/allende-carpinteria.com\/wp-content\/uploads\/2016\/07\/escaleras-madera-250x250.jpg 250w, https:\/\/allende-carpinteria.com\/wp-content\/uploads\/2016\/07\/escaleras-madera-174x174.jpg 174w\" sizes=\"(max-width: 150px) 100vw, 150px\" \/><\/a>\n\t\t\t<\/div>\n\t\t\t\t<figcaption class='wp-caption-text gallery-caption' id='gallery-2-249'>\n\t\t\t\tESCALERAS\n\t\t\t\t<\/figcaption><\/figure><figure class='gallery-item'>\n\t\t\t<div class='gallery-icon landscape'>\n\t\t\t\t<a href=\"http:\/\/allende-carpinteria.com\/index.php\/iglesias\/\" class=\"no-lightbox\"><img width=\"150\" height=\"150\" src=\"https:\/\/allende-carpinteria.com\/wp-content\/uploads\/2016\/07\/puerta-iglesia-150x150.jpg\" class=\"attachment-thumbnail size-thumbnail\" alt=\"\" loading=\"lazy\" aria-describedby=\"gallery-2-255\" srcset=\"https:\/\/allende-carpinteria.com\/wp-content\/uploads\/2016\/07\/puerta-iglesia-150x150.jpg 150w, https:\/\/allende-carpinteria.com\/wp-content\/uploads\/2016\/07\/puerta-iglesia-250x250.jpg 250w, https:\/\/allende-carpinteria.com\/wp-content\/uploads\/2016\/07\/puerta-iglesia-174x174.jpg 174w\" sizes=\"(max-width: 150px) 100vw, 150px\" \/><\/a>\n\t\t\t<\/div>\n\t\t\t\t<figcaption class='wp-caption-text gallery-caption' id='gallery-2-255'>\n\t\t\t\tIGLESIAS\n\t\t\t\t<\/figcaption><\/figure><figure class='gallery-item'>\n\t\t\t<div class='gallery-icon landscape'>\n\t\t\t\t<a href=\"http:\/\/allende-carpinteria.com\/index.php\/edificios\/\" class=\"no-lightbox\"><img width=\"150\" height=\"150\" src=\"https:\/\/allende-carpinteria.com\/wp-content\/uploads\/2016\/07\/casa-porche-madera-150x150.jpg\" class=\"attachment-thumbnail size-thumbnail\" alt=\"edificios\" loading=\"lazy\" aria-describedby=\"gallery-2-245\" srcset=\"https:\/\/allende-carpinteria.com\/wp-content\/uploads\/2016\/07\/casa-porche-madera-150x150.jpg 150w, https:\/\/allende-carpinteria.com\/wp-content\/uploads\/2016\/07\/casa-porche-madera-250x250.jpg 250w, https:\/\/allende-carpinteria.com\/wp-content\/uploads\/2016\/07\/casa-porche-madera-174x174.jpg 174w\" sizes=\"(max-width: 150px) 100vw, 150px\" \/><\/a>\n\t\t\t<\/div>\n\t\t\t\t<figcaption class='wp-caption-text gallery-caption' id='gallery-2-245'>\n\t\t\t\tEDIFICIOS\n\t\t\t\t<\/figcaption><\/figure><figure class='gallery-item'>\n\t\t\t<div class='gallery-icon landscape'>\n\t\t\t\t<a href=\"http:\/\/allende-carpinteria.com\/index.php\/bares\/\" class=\"no-lightbox\"><img width=\"150\" height=\"150\" src=\"https:\/\/allende-carpinteria.com\/wp-content\/uploads\/2016\/07\/bar-madera-birreria-terraza-entrada-150x150.jpg\" class=\"attachment-thumbnail size-thumbnail\" alt=\"\" loading=\"lazy\" aria-describedby=\"gallery-2-267\" srcset=\"https:\/\/allende-carpinteria.com\/wp-content\/uploads\/2016\/07\/bar-madera-birreria-terraza-entrada-150x150.jpg 150w, https:\/\/allende-carpinteria.com\/wp-content\/uploads\/2016\/07\/bar-madera-birreria-terraza-entrada-250x250.jpg 250w, https:\/\/allende-carpinteria.com\/wp-content\/uploads\/2016\/07\/bar-madera-birreria-terraza-entrada-174x174.jpg 174w\" sizes=\"(max-width: 150px) 100vw, 150px\" \/><\/a>\n\t\t\t<\/div>\n\t\t\t\t<figcaption class='wp-caption-text gallery-caption' id='gallery-2-267'>\n\t\t\t\tBARES\n\t\t\t\t<\/figcaption><\/figure>\n\t\t<\/div>\n\n","protected":false},"excerpt":{"rendered":"","protected":false},"author":1,"featured_media":0,"parent":0,"menu_order":0,"comment_status":"closed","ping_status":"closed","template":"","meta":[],"yoast_head":"<!-- This site is optimized with the Yoast SEO plugin v18.5.1 - https:\/\/yoast.com\/wordpress\/plugins\/seo\/ -->\n<title>Trabajos de todo tipo de madera - Carpinter\u00eda Ebanister\u00eda Allende<\/title>\n<meta name=\"description\" content=\"Breve selecci\u00f3n de algunos de nuestros trabajos, para m\u00e1s informaci\u00f3n contacta con nosotros, presupuestos sin compromiso.\" \/>\n<meta name=\"robots\" content=\"index, follow, max-snippet:-1, max-image-preview:large, max-video-preview:-1\" \/>\n<link rel=\"canonical\" href=\"https:\/\/allende-carpinteria.com\/index.php\/trabajos\/\" \/>\n<meta property=\"og:locale\" content=\"es_ES\" \/>\n<meta property=\"og:type\" content=\"article\" \/>\n<meta property=\"og:title\" content=\"Trabajos de todo tipo de madera - Carpinter\u00eda Ebanister\u00eda Allende\" \/>\n<meta property=\"og:description\" content=\"Breve selecci\u00f3n de algunos de nuestros trabajos, para m\u00e1s informaci\u00f3n contacta con nosotros, presupuestos sin compromiso.\" \/>\n<meta property=\"og:url\" content=\"https:\/\/allende-carpinteria.com\/index.php\/trabajos\/\" \/>\n<meta property=\"og:site_name\" content=\"Carpinter\u00eda Ebanister\u00eda Allende\" \/>\n<meta property=\"article:publisher\" content=\"https:\/\/www.facebook.com\/allendecarpinteria\" \/>\n<meta property=\"article:modified_time\" content=\"2020-12-14T18:29:49+00:00\" \/>\n<meta property=\"og:image\" content=\"https:\/\/allende-carpinteria.com\/wp-content\/uploads\/2016\/07\/puerta-madera-blanca-pomo-150x150.jpg\" \/>\n<meta name=\"twitter:card\" content=\"summary\" \/>\n<script type=\"application\/ld+json\" class=\"yoast-schema-graph\">{\"@context\":\"https:\/\/schema.org\",\"@graph\":[{\"@type\":\"WebSite\",\"@id\":\"https:\/\/allende-carpinteria.com\/#website\",\"url\":\"https:\/\/allende-carpinteria.com\/\",\"name\":\"Carpinter\u00eda Ebanister\u00eda Allende\",\"description\":\"Carpinter\u00eda Allende\",\"potentialAction\":[{\"@type\":\"SearchAction\",\"target\":{\"@type\":\"EntryPoint\",\"urlTemplate\":\"https:\/\/allende-carpinteria.com\/?s={search_term_string}\"},\"query-input\":\"required name=search_term_string\"}],\"inLanguage\":\"es\"},{\"@type\":\"WebPage\",\"@id\":\"https:\/\/allende-carpinteria.com\/index.php\/trabajos\/#webpage\",\"url\":\"https:\/\/allende-carpinteria.com\/index.php\/trabajos\/\",\"name\":\"Trabajos de todo tipo de madera - Carpinter\u00eda Ebanister\u00eda Allende\",\"isPartOf\":{\"@id\":\"https:\/\/allende-carpinteria.com\/#website\"},\"datePublished\":\"2016-07-11T11:14:00+00:00\",\"dateModified\":\"2020-12-14T18:29:49+00:00\",\"description\":\"Breve selecci\u00f3n de algunos de nuestros trabajos, para m\u00e1s informaci\u00f3n contacta con nosotros, presupuestos sin compromiso.\",\"breadcrumb\":{\"@id\":\"https:\/\/allende-carpinteria.com\/index.php\/trabajos\/#breadcrumb\"},\"inLanguage\":\"es\",\"potentialAction\":[{\"@type\":\"ReadAction\",\"target\":[\"https:\/\/allende-carpinteria.com\/index.php\/trabajos\/\"]}]},{\"@type\":\"BreadcrumbList\",\"@id\":\"https:\/\/allende-carpinteria.com\/index.php\/trabajos\/#breadcrumb\",\"itemListElement\":[{\"@type\":\"ListItem\",\"position\":1,\"name\":\"Portada\",\"item\":\"https:\/\/allende-carpinteria.com\/\"},{\"@type\":\"ListItem\",\"position\":2,\"name\":\"Trabajos\"}]}]}<\/script>\n<!-- \/ Yoast SEO plugin. -->","yoast_head_json":{"title":"Trabajos de todo tipo de madera - Carpinter\u00eda Ebanister\u00eda Allende","description":"Breve selecci\u00f3n de algunos de nuestros trabajos, para m\u00e1s informaci\u00f3n contacta con nosotros, presupuestos sin compromiso.","robots":{"index":"index","follow":"follow","max-snippet":"max-snippet:-1","max-image-preview":"max-image-preview:large","max-video-preview":"max-video-preview:-1"},"canonical":"https:\/\/allende-carpinteria.com\/index.php\/trabajos\/","og_locale":"es_ES","og_type":"article","og_title":"Trabajos de todo tipo de madera - Carpinter\u00eda Ebanister\u00eda Allende","og_description":"Breve selecci\u00f3n de algunos de nuestros trabajos, para m\u00e1s informaci\u00f3n contacta con nosotros, presupuestos sin compromiso.","og_url":"https:\/\/allende-carpinteria.com\/index.php\/trabajos\/","og_site_name":"Carpinter\u00eda Ebanister\u00eda Allende","article_publisher":"https:\/\/www.facebook.com\/allendecarpinteria","article_modified_time":"2020-12-14T18:29:49+00:00","og_image":[{"url":"https:\/\/allende-carpinteria.com\/wp-content\/uploads\/2016\/07\/puerta-madera-blanca-pomo-150x150.jpg"}],"twitter_card":"summary","schema":{"@context":"https:\/\/schema.org","@graph":[{"@type":"WebSite","@id":"https:\/\/allende-carpinteria.com\/#website","url":"https:\/\/allende-carpinteria.com\/","name":"Carpinter\u00eda Ebanister\u00eda Allende","description":"Carpinter\u00eda Allende","potentialAction":[{"@type":"SearchAction","target":{"@type":"EntryPoint","urlTemplate":"https:\/\/allende-carpinteria.com\/?s={search_term_string}"},"query-input":"required name=search_term_string"}],"inLanguage":"es"},{"@type":"WebPage","@id":"https:\/\/allende-carpinteria.com\/index.php\/trabajos\/#webpage","url":"https:\/\/allende-carpinteria.com\/index.php\/trabajos\/","name":"Trabajos de todo tipo de madera - Carpinter\u00eda Ebanister\u00eda Allende","isPartOf":{"@id":"https:\/\/allende-carpinteria.com\/#website"},"datePublished":"2016-07-11T11:14:00+00:00","dateModified":"2020-12-14T18:29:49+00:00","description":"Breve selecci\u00f3n de algunos de nuestros trabajos, para m\u00e1s informaci\u00f3n contacta con nosotros, presupuestos sin compromiso.","breadcrumb":{"@id":"https:\/\/allende-carpinteria.com\/index.php\/trabajos\/#breadcrumb"},"inLanguage":"es","potentialAction":[{"@type":"ReadAction","target":["https:\/\/allende-carpinteria.com\/index.php\/trabajos\/"]}]},{"@type":"BreadcrumbList","@id":"https:\/\/allende-carpinteria.com\/index.php\/trabajos\/#breadcrumb","itemListElement":[{"@type":"ListItem","position":1,"name":"Portada","item":"https:\/\/allende-carpinteria.com\/"},{"@type":"ListItem","position":2,"name":"Trabajos"}]}]}},"_links":{"self":[{"href":"https:\/\/allende-carpinteria.com\/index.php\/wp-json\/wp\/v2\/pages\/51"}],"collection":[{"href":"https:\/\/allende-carpinteria.com\/index.php\/wp-json\/wp\/v2\/pages"}],"about":[{"href":"https:\/\/allende-carpinteria.com\/index.php\/wp-json\/wp\/v2\/types\/page"}],"author":[{"embeddable":true,"href":"https:\/\/allende-carpinteria.com\/index.php\/wp-json\/wp\/v2\/users\/1"}],"replies":[{"embeddable":true,"href":"https:\/\/allende-carpinteria.com\/index.php\/wp-json\/wp\/v2\/comments?post=51"}],"version-history":[{"count":17,"href":"https:\/\/allende-carpinteria.com\/index.php\/wp-json\/wp\/v2\/pages\/51\/revisions"}],"predecessor-version":[{"id":495,"href":"https:\/\/allende-carpinteria.com\/index.php\/wp-json\/wp\/v2\/pages\/51\/revisions\/495"}],"wp:attachment":[{"href":"https:\/\/allende-carpinteria.com\/index.php\/wp-json\/wp\/v2\/media?parent=51"}],"curies":[{"name":"wp","href":"https:\/\/api.w.org\/{rel}","templated":true}]}}